{"id":57,"date":"2014-01-17T22:12:56","date_gmt":"2014-01-17T20:12:56","guid":{"rendered":"http:\/\/rtm.dnsalias.net\/?page_id=57"},"modified":"2026-03-15T08:34:57","modified_gmt":"2026-03-15T07:34:57","slug":"gesuche","status":"publish","type":"page","link":"https:\/\/verstaerkeramt.eu\/gesuche\/","title":{"rendered":"Gesuche"},"content":{"rendered":"<p>Wir als F\u00f6rderverein haben noch W\u00fcnsche.<\/p>\n<p>Sehr geehrte Damen und Herren,<\/p>\n<p>der gemeinn\u00fctzige Verein \u201eRadio- u. Telefon-Museum im Verst\u00e4rkeramt e.V.\u201c nutzte die Gelegenheit die unterirdischen Ausstellungsr\u00e4ume im ehemaligen Verst\u00e4rkeramt der Deutschen Reichspost \/Bundespost Telekom zu erwerben. Durch den Erwerb werden die historischen Exponate im Museum, der \u00d6ffentlichkeit dauerhaft zug\u00e4nglich gemacht und Wissen vermitteln.<\/p>\n<p><iframe src=\"\/\/docs.google.com\/viewer?url=https%3A%2F%2Fverstaerkeramt.eu%2Fwp-content%2Fuploads%2F2016%2F11%2F14264_RTM_Flyer_Foerdermitglieder.pdf&hl=de&embedded=true\" class=\"gde-frame\" style=\"width:100%; height:500px; border: none;\" scrolling=\"no\"><\/iframe>\n<p class=\"gde-text\"><a href=\"https:\/\/verstaerkeramt.eu\/wp-content\/uploads\/2016\/11\/14264_RTM_Flyer_Foerdermitglieder.pdf\" class=\"gde-link\">Download (PDF, 6.15MB)<\/a><\/p><br \/>\nF\u00fcr eventuelle Fragen stehen wir Ihnen zur Verf\u00fcgung.<br \/>\nSpenden sind steuerlich anrechenbar. Bis zu einem Betrag von 300,&#8211; \u20ac gen\u00fcgt der Nachweis durch einen Kontoauszug. F\u00fcr h\u00f6here Betr\u00e4ge wird immer eine Spendenbescheinigung ausgestellt. Jede Spende hilft, helfen auch Sie egal in welchem Umfang.<\/p>\n<p>Spendenkonto:<\/p>\n<p><strong>Zahlungsempf\u00e4nger, Name:<\/strong> Radio- u. Telefon-Museum im Verst\u00e4rkeramt e.V.<br \/>\n<strong>IBAN:<\/strong> DE90 4785 3520 0002 0378 10<br \/>\n<strong>SWIFT-BIC:<\/strong> WELADED1WDB<br \/>\n<strong>Verwendungszweck:<\/strong> Spende f\u00fcr &#8230;&#8230;.<\/p>\n<p>Mit freundlichen Gr\u00fc\u00dfen<\/p>\n<p>Wilfried Schwabe<\/p>\n<p>Kassenwart<\/p>\n<p>&nbsp;<\/p>\n<p>Vereinsregister-Nr.: VR 20584 Amtsgericht G\u00fctersloh<br \/>\nSteuer-Nr. 374\/5910\/2218<\/p>\n<p>Unser Museum ist noch lange nicht in dem Zustand unserer Vorstellungen. Es gibt noch viel zu gestalten. Daher suchen wir immer noch:<\/p>\n<p>1. Freundliche Mitstreiter, denen es Spass machen w\u00fcrde, Aufsicht und F\u00fchrungen im Museum zu \u00fcbernehmen. Vielleicht f\u00e4llt Ihnen ja die Decke zu Hause auf den Kopf, hier k\u00f6nnten Sie sich entfalten und Ihre Freizeit sinnvoll verbringen. Wir sind alle ehrenamtlich t\u00e4tig und sind mit Spass dabei. Wir m\u00f6chten mit unserem Engagement die deutsche Kultur bereichern und f\u00fcr unsere Mitmenschen und vor allem f\u00fcr unsere Kinder etwas besonderes bieten.<\/p>\n<p>2. Nette Sponsoren, hier bleibt es Ihnen \u00fcberlassen wie Sie sponsern m\u00f6chten. Dieses k\u00f6nnen Sie durch Material, Ger\u00e4te, M\u00f6bel aber auch durch Geld-Spenden.<\/p>\n<p>3. Hilfe zum Thema Primadonna,(Sender der Deutschen Luftwaffe). Wir suchen Unterlagen, Berichte, Bilder oder sonstiges. Bieten Sie uns bitte alles an, was zur Aufarbeitung dieses Themas beitragen kann.<\/p>\n<p>4. Radioger\u00e4te aus der Anfangszeit, in jedem Zustand aus den 20er Jahren dringend gesucht. Vielleicht schlummert ja noch ein vergessenes Ger\u00e4t bei Ihnen im Keller, f\u00fcr Sie unbrauchbar, f\u00fcr uns vielleicht ein Schatz, der gehoben werden will. Auch fr\u00fche Ger\u00e4te aus den anderen, bei uns ausgestellten Bereichen, nehmen wir gerne in unserer Sammlung auf.<\/p>\n","protected":false},"excerpt":{"rendered":"<p>Wir als F\u00f6rderverein haben noch W\u00fcnsche. Sehr geehrte Damen und Herren, der gemeinn\u00fctzige Verein \u201eRadio- u. Telefon-Museum im Verst\u00e4rkeramt e.V.\u201c nutzte die Gelegenheit die unterirdischen Ausstellungsr\u00e4ume im ehemaligen Verst\u00e4rkeramt der Deutschen Reichspost \/Bundespost Telekom zu erwerben. Durch den Erwerb werden die historischen Exponate im Museum, der \u00d6ffentlichkeit dauerhaft zug\u00e4nglich gemacht und Wissen vermitteln. F\u00fcr eventuelle &hellip; <a href=\"https:\/\/verstaerkeramt.eu\/gesuche\/\" class=\"more-link\"><span class=\"screen-reader-text\">Gesuche<\/span> weiterlesen <span class=\"meta-nav\">&rarr;<\/span><\/a><\/p>\n","protected":false},"author":2,"featured_media":0,"parent":0,"menu_order":98,"comment_status":"closed","ping_status":"closed","template":"","meta":{"footnotes":""},"class_list":["post-57","page","type-page","status-publish","hentry"],"jetpack_sharing_enabled":true,"_links":{"self":[{"href":"https:\/\/verstaerkeramt.eu\/wp-json\/wp\/v2\/pages\/57","targetHints":{"allow":["GET"]}}],"collection":[{"href":"https:\/\/verstaerkeramt.eu\/wp-json\/wp\/v2\/pages"}],"about":[{"href":"https:\/\/verstaerkeramt.eu\/wp-json\/wp\/v2\/types\/page"}],"author":[{"embeddable":true,"href":"https:\/\/verstaerkeramt.eu\/wp-json\/wp\/v2\/users\/2"}],"replies":[{"embeddable":true,"href":"https:\/\/verstaerkeramt.eu\/wp-json\/wp\/v2\/comments?post=57"}],"version-history":[{"count":4,"href":"https:\/\/verstaerkeramt.eu\/wp-json\/wp\/v2\/pages\/57\/revisions"}],"predecessor-version":[{"id":3092,"href":"https:\/\/verstaerkeramt.eu\/wp-json\/wp\/v2\/pages\/57\/revisions\/3092"}],"wp:attachment":[{"href":"https:\/\/verstaerkeramt.eu\/wp-json\/wp\/v2\/media?parent=57"}],"curies":[{"name":"wp","href":"https:\/\/api.w.org\/{rel}","templated":true}]}}