{"id":270,"date":"2014-01-21T22:03:46","date_gmt":"2014-01-21T20:03:46","guid":{"rendered":"http:\/\/rtm.dnsalias.net\/?page_id=270"},"modified":"2014-03-08T11:32:48","modified_gmt":"2014-03-08T10:32:48","slug":"von-der-flimmerkiste-zum-massenmedium-75-jahre-regelmaessige-fernsehuebertragungen-in-deutschland","status":"publish","type":"page","link":"https:\/\/verstaerkeramt.eu\/von-der-flimmerkiste-zum-massenmedium-75-jahre-regelmaessige-fernsehuebertragungen-in-deutschland\/","title":{"rendered":"Von der Flimmerkiste zum Massenmedium &#8211; 75 Jahre regelm\u00e4\u00dfige Fernseh\u00fcbertragungen in Deutschland"},"content":{"rendered":"<p>05. April 2010 &#8211; 24.April 2011:\u00a0<b>Ehemalige<\/b>\u00a0<b>Sonderausstellung:<\/b>\u00a0\u201cVon der Flimmerkiste zum Massenmedium &#8211; 75 Jahre regelm\u00e4\u00dfige Fernseh\u00fcbertragungen in Deutschland\u201d.<\/p>\n<p><a href=\"https:\/\/i0.wp.com\/alt.verstaerkeramt.eu\/wp-content\/uploads\/2014\/01\/a_Ausstellung_2010_m.jpg\"><img data-recalc-dims=\"1\" loading=\"lazy\" decoding=\"async\" class=\"aligncenter size-full wp-image-838\" alt=\"a_Ausstellung_2010_m\" src=\"https:\/\/i0.wp.com\/alt.verstaerkeramt.eu\/wp-content\/uploads\/2014\/01\/a_Ausstellung_2010_m.jpg?resize=474%2C356\" width=\"474\" height=\"356\" srcset=\"https:\/\/i0.wp.com\/verstaerkeramt.eu\/wp-content\/uploads\/2014\/01\/a_Ausstellung_2010_m.jpg?w=750&amp;ssl=1 750w, https:\/\/i0.wp.com\/verstaerkeramt.eu\/wp-content\/uploads\/2014\/01\/a_Ausstellung_2010_m.jpg?resize=300%2C225&amp;ssl=1 300w\" sizes=\"auto, (max-width: 474px) 100vw, 474px\" \/><\/a> <a href=\"https:\/\/i0.wp.com\/alt.verstaerkeramt.eu\/wp-content\/uploads\/2014\/01\/a_Ausstellung_2010_n.jpg\"><img data-recalc-dims=\"1\" loading=\"lazy\" decoding=\"async\" class=\"aligncenter size-full wp-image-839\" alt=\"a_Ausstellung_2010_n\" src=\"https:\/\/i0.wp.com\/alt.verstaerkeramt.eu\/wp-content\/uploads\/2014\/01\/a_Ausstellung_2010_n.jpg?resize=474%2C463\" width=\"474\" height=\"463\" srcset=\"https:\/\/i0.wp.com\/verstaerkeramt.eu\/wp-content\/uploads\/2014\/01\/a_Ausstellung_2010_n.jpg?w=630&amp;ssl=1 630w, https:\/\/i0.wp.com\/verstaerkeramt.eu\/wp-content\/uploads\/2014\/01\/a_Ausstellung_2010_n.jpg?resize=300%2C293&amp;ssl=1 300w\" sizes=\"auto, (max-width: 474px) 100vw, 474px\" \/><\/a> <a href=\"https:\/\/i0.wp.com\/alt.verstaerkeramt.eu\/wp-content\/uploads\/2014\/01\/a_Ausstellung_2010_o.jpg\"><img data-recalc-dims=\"1\" loading=\"lazy\" decoding=\"async\" class=\"aligncenter size-full wp-image-840\" alt=\"a_Ausstellung_2010_o\" src=\"https:\/\/i0.wp.com\/alt.verstaerkeramt.eu\/wp-content\/uploads\/2014\/01\/a_Ausstellung_2010_o.jpg?resize=300%2C417\" width=\"300\" height=\"417\" srcset=\"https:\/\/i0.wp.com\/verstaerkeramt.eu\/wp-content\/uploads\/2014\/01\/a_Ausstellung_2010_o.jpg?w=300&amp;ssl=1 300w, https:\/\/i0.wp.com\/verstaerkeramt.eu\/wp-content\/uploads\/2014\/01\/a_Ausstellung_2010_o.jpg?resize=215%2C300&amp;ssl=1 215w\" sizes=\"auto, (max-width: 300px) 100vw, 300px\" \/><\/a> <a href=\"https:\/\/i0.wp.com\/alt.verstaerkeramt.eu\/wp-content\/uploads\/2014\/01\/a_Ausstellung_2010_p.jpg\"><img data-recalc-dims=\"1\" loading=\"lazy\" decoding=\"async\" class=\"aligncenter size-full wp-image-841\" alt=\"a_Ausstellung_2010_p\" src=\"https:\/\/i0.wp.com\/alt.verstaerkeramt.eu\/wp-content\/uploads\/2014\/01\/a_Ausstellung_2010_p.jpg?resize=474%2C363\" width=\"474\" height=\"363\" srcset=\"https:\/\/i0.wp.com\/verstaerkeramt.eu\/wp-content\/uploads\/2014\/01\/a_Ausstellung_2010_p.jpg?w=750&amp;ssl=1 750w, https:\/\/i0.wp.com\/verstaerkeramt.eu\/wp-content\/uploads\/2014\/01\/a_Ausstellung_2010_p.jpg?resize=300%2C229&amp;ssl=1 300w\" sizes=\"auto, (max-width: 474px) 100vw, 474px\" \/><\/a> <a href=\"https:\/\/i0.wp.com\/alt.verstaerkeramt.eu\/wp-content\/uploads\/2014\/01\/a_Ausstellung_2010_r.jpg\"><img data-recalc-dims=\"1\" loading=\"lazy\" decoding=\"async\" class=\"aligncenter size-full wp-image-842\" alt=\"a_Ausstellung_2010_r\" src=\"https:\/\/i0.wp.com\/alt.verstaerkeramt.eu\/wp-content\/uploads\/2014\/01\/a_Ausstellung_2010_r.jpg?resize=474%2C356\" width=\"474\" height=\"356\" srcset=\"https:\/\/i0.wp.com\/verstaerkeramt.eu\/wp-content\/uploads\/2014\/01\/a_Ausstellung_2010_r.jpg?w=750&amp;ssl=1 750w, https:\/\/i0.wp.com\/verstaerkeramt.eu\/wp-content\/uploads\/2014\/01\/a_Ausstellung_2010_r.jpg?resize=300%2C225&amp;ssl=1 300w\" sizes=\"auto, (max-width: 474px) 100vw, 474px\" \/><\/a> <a href=\"https:\/\/i0.wp.com\/alt.verstaerkeramt.eu\/wp-content\/uploads\/2014\/01\/a_Ausstellung_2010_s.jpg\"><img data-recalc-dims=\"1\" loading=\"lazy\" decoding=\"async\" class=\"aligncenter size-full wp-image-844\" alt=\"a_Ausstellung_2010_s\" src=\"https:\/\/i0.wp.com\/alt.verstaerkeramt.eu\/wp-content\/uploads\/2014\/01\/a_Ausstellung_2010_s.jpg?resize=300%2C413\" width=\"300\" height=\"413\" srcset=\"https:\/\/i0.wp.com\/verstaerkeramt.eu\/wp-content\/uploads\/2014\/01\/a_Ausstellung_2010_s.jpg?w=300&amp;ssl=1 300w, https:\/\/i0.wp.com\/verstaerkeramt.eu\/wp-content\/uploads\/2014\/01\/a_Ausstellung_2010_s.jpg?resize=217%2C300&amp;ssl=1 217w\" sizes=\"auto, (max-width: 300px) 100vw, 300px\" \/><\/a> <a href=\"https:\/\/i0.wp.com\/alt.verstaerkeramt.eu\/wp-content\/uploads\/2014\/01\/a_Ausstellung_2010_t.jpg\"><img data-recalc-dims=\"1\" loading=\"lazy\" decoding=\"async\" class=\"aligncenter size-full wp-image-845\" alt=\"a_Ausstellung_2010_t\" src=\"https:\/\/i0.wp.com\/alt.verstaerkeramt.eu\/wp-content\/uploads\/2014\/01\/a_Ausstellung_2010_t.jpg?resize=474%2C367\" width=\"474\" height=\"367\" srcset=\"https:\/\/i0.wp.com\/verstaerkeramt.eu\/wp-content\/uploads\/2014\/01\/a_Ausstellung_2010_t.jpg?w=600&amp;ssl=1 600w, https:\/\/i0.wp.com\/verstaerkeramt.eu\/wp-content\/uploads\/2014\/01\/a_Ausstellung_2010_t.jpg?resize=300%2C232&amp;ssl=1 300w\" sizes=\"auto, (max-width: 474px) 100vw, 474px\" \/><\/a><\/p>\n","protected":false},"excerpt":{"rendered":"<p>05. April 2010 &#8211; 24.April 2011:\u00a0Ehemalige\u00a0Sonderausstellung:\u00a0\u201cVon der Flimmerkiste zum Massenmedium &#8211; 75 Jahre regelm\u00e4\u00dfige Fernseh\u00fcbertragungen in Deutschland\u201d.<\/p>\n","protected":false},"author":2,"featured_media":0,"parent":0,"menu_order":0,"comment_status":"closed","ping_status":"open","template":"","meta":{"footnotes":""},"class_list":["post-270","page","type-page","status-publish","hentry"],"jetpack_sharing_enabled":true,"_links":{"self":[{"href":"https:\/\/verstaerkeramt.eu\/wp-json\/wp\/v2\/pages\/270","targetHints":{"allow":["GET"]}}],"collection":[{"href":"https:\/\/verstaerkeramt.eu\/wp-json\/wp\/v2\/pages"}],"about":[{"href":"https:\/\/verstaerkeramt.eu\/wp-json\/wp\/v2\/types\/page"}],"author":[{"embeddable":true,"href":"https:\/\/verstaerkeramt.eu\/wp-json\/wp\/v2\/users\/2"}],"replies":[{"embeddable":true,"href":"https:\/\/verstaerkeramt.eu\/wp-json\/wp\/v2\/comments?post=270"}],"version-history":[{"count":0,"href":"https:\/\/verstaerkeramt.eu\/wp-json\/wp\/v2\/pages\/270\/revisions"}],"wp:attachment":[{"href":"https:\/\/verstaerkeramt.eu\/wp-json\/wp\/v2\/media?parent=270"}],"curies":[{"name":"wp","href":"https:\/\/api.w.org\/{rel}","templated":true}]}}